{"version":"1.0","provider_name":"Alume","provider_url":"https:\/\/alume.org\/es\/","author_name":"comunicacion","author_url":"https:\/\/alume.org\/es\/author\/comunicacion\/","title":"Retomamos la actividad presencial - Alume","type":"rich","width":600,"height":338,"html":"<blockquote class=\"wp-embedded-content\" data-secret=\"DFhoTPWgtd\"><a href=\"https:\/\/alume.org\/es\/retomamos-la-actividad-presencial\/\">Retomamos la actividad presencial<\/a><\/blockquote><iframe sandbox=\"allow-scripts\" security=\"restricted\" src=\"https:\/\/alume.org\/es\/retomamos-la-actividad-presencial\/embed\/#?secret=DFhoTPWgtd\" width=\"600\" height=\"338\" title=\"\u00abRetomamos la actividad presencial\u00bb \u2014 Alume\" data-secret=\"DFhoTPWgtd\" frameborder=\"0\" marginwidth=\"0\" marginheight=\"0\" scrolling=\"no\" class=\"wp-embedded-content\"><\/iframe><script type=\"text\/javascript\">\n\/* <![CDATA[ *\/\n\/*! This file is auto-generated *\/\n!function(d,l){\"use strict\";l.querySelector&&d.addEventListener&&\"undefined\"!=typeof URL&&(d.wp=d.wp||{},d.wp.receiveEmbedMessage||(d.wp.receiveEmbedMessage=function(e){var t=e.data;if((t||t.secret||t.message||t.value)&&!\/[^a-zA-Z0-9]\/.test(t.secret)){for(var s,r,n,a=l.querySelectorAll('iframe[data-secret=\"'+t.secret+'\"]'),o=l.querySelectorAll('blockquote[data-secret=\"'+t.secret+'\"]'),c=new RegExp(\"^https?:$\",\"i\"),i=0;i<o.length;i++)o[i].style.display=\"none\";for(i=0;i<a.length;i++)s=a[i],e.source===s.contentWindow&&(s.removeAttribute(\"style\"),\"height\"===t.message?(1e3<(r=parseInt(t.value,10))?r=1e3:~~r<200&&(r=200),s.height=r):\"link\"===t.message&&(r=new URL(s.getAttribute(\"src\")),n=new URL(t.value),c.test(n.protocol))&&n.host===r.host&&l.activeElement===s&&(d.top.location.href=t.value))}},d.addEventListener(\"message\",d.wp.receiveEmbedMessage,!1),l.addEventListener(\"DOMContentLoaded\",function(){for(var e,t,s=l.querySelectorAll(\"iframe.wp-embedded-content\"),r=0;r<s.length;r++)(t=(e=s[r]).getAttribute(\"data-secret\"))||(t=Math.random().toString(36).substring(2,12),e.src+=\"#?secret=\"+t,e.setAttribute(\"data-secret\",t)),e.contentWindow.postMessage({message:\"ready\",secret:t},\"*\")},!1)))}(window,document);\n\/\/# sourceURL=https:\/\/alume.org\/wp-includes\/js\/wp-embed.min.js\n\/* ]]> *\/\n<\/script>\n","thumbnail_url":"https:\/\/alume.org\/wp-content\/uploads\/2020\/06\/IMG-20200616-WA0008.jpg","thumbnail_width":2016,"thumbnail_height":1512,"description":"Debido a la situaci\u00f3n actual por el COVID-19, en nuestra asociaci\u00f3n nos vimos obligados a pausar la atenci\u00f3n presencial. Durante estos meses hemos estado haciendo un seguimiento telef\u00f3nico diario y, cuando la situaci\u00f3n lo requiri\u00f3, atenci\u00f3n domiciliaria de los usuarios para intentar prevenir situaciones de riesgo que pudieran empeorar su salud mental, sobre todo en [&hellip;]"}

Debido a la situación actual por el COVID-19, en nuestra asociación nos vimos obligados a pausar la atención presencial. Durante estos meses hemos estado haciendo un seguimiento telefónico diario y, cuando la situación lo requirió, atención domiciliaria de los usuarios para intentar prevenir situaciones de riesgo que pudieran empeorar su salud mental, sobre todo en [&hellip;]
